/(-141))?
True
Suppose -5*c = -2*x + 1123, -5*x + 7*c = 9*c - 2793. Is 13 a factor of x?
True
Let o(l) = l**3 + 10*l**2 + 17*l + 11. Let f be o(-8). Suppose -5*p = 2*n - 37 - 58, f*p = -5*n + 76. Is 8 a factor of p?
False
Let p(g) = g**3 - 7*g**2 - 17*g - 5. Let h be p(8). Let y = 133 + h. Is y a multiple of 28?
True
Let a(u) = u + 4. Let j be a(-4). Suppose j = -4*t - t + 25. Let p = 1 + t. Is 2 a factor of p?
True
Let x = -482 - -2024. Is x a multiple of 12?
False
Is 50/(2/8 + (-6)/(-8)) a multiple of 5?
True
Suppose -2*r + 7 = 1. Suppose -2*s + 36 = -4*x - 166, r*s = -3*x + 348. Does 37 divide s?
True
Suppose 111*n = 107*n + 1292. Is 20 a factor of n?
False
Let m(b) = -281*b**2 - 2*b - 9. Let q be m(8). Is 39 a factor of (-4)/(-14) + q/(-203)?
False
Suppose -2*a - 62 = 4*v, -v + 26 = -a - 2*v. Let t be (-4)/6 - 896/a. Suppose -2*r = -r - 2*i - 42, -r + i + t = 0. Is 13 a factor of r?
False
Let t be 42/(-15) - ((-32)/(-10) - 3). Is 14 a factor of (-1 + 2)/(t/(-202 - 2))?
False
Suppose c + 16 = -m - m, -m + 5*c - 19 = 0. Does 5 divide (-2)/m - (-3791)/153?
True
Let x = 29 + 31. Is 13 a factor of (-1 + -1)/((x/(-85))/6)?
False
Suppose -2*v + 2*m = -m + 5, 14 = 4*v + 2*m. Suppose 3*x - 7 = v. Suppose u + 1 = 3*r, -u = -r - 0*r - x. Is 4 a factor of u?
False
Suppose -4*u - 436 = -0*u. Suppose -3*y + 256 = -4*q, q + 0*y = y - 63. Let p = q - u. Is 9 a factor of p?
False
Let w(l) = -33*l - 40*l + 41*l + 6. Suppose -8 = 5*h + 2. Is 14 a factor of w(h)?
True
Does 9 divide 30074/24 - (-27)/(-324)?
False
Suppose 0 = -2*v + 10, -d + 4*v = -0*v - 388. Does 10 divide d?
False
Suppose -5*d + i = -17, -5*d - 6 + 31 = -5*i. Suppose d*p = -2*p + 70. Is p a multiple of 7?
True
Suppose 0 = -3*p + 1479 + 69. Does 43 divide p?
True
Let k(t) = 4*t**3 + 5*t**2 - 2*t + 6. Is 64 a factor of k(4)?
False
Suppose v = 88 + 92. Is 9 a factor of v?
True
Let g = 175 - 100. Suppose -2*x - 4*a + 590 - 168 = 0, 0 = x + 5*a - 199. Suppose x = 3*f + g. Is 16 a factor of f?
True
Suppose 0 = 4*i + h - 948, 3*i - 698 = -4*h - 0*h. Is 79 a factor of i?
False
Suppose 6*x - 22 = 17*x. Does 35 divide (175/x)/1*(-24)/15?
True
Let v = 415 - 97. Does 22 divide v?
False
Let r(j) = -6*j - 7. Let w(x) = 2*x + 3. Let i(t) = 3*r(t) + 8*w(t). Let n = 3 - 10. Is i(n) a multiple of 9?
False
Let p(c) = -c**3 - 9*c**2 - 13*c + 4. Let g be p(-7). Is (1 - (-3)/g)*1 - -54 a multiple of 27?
True
Suppose 0 = -16*l + 11*l - 35. Is 99 - (l + 0 + 4 + -1) a multiple of 11?
False
Suppose 0 = 4*k + 15 - 47. Let g = k + 48. Is g a multiple of 7?
True
Let u be (16/(-10))/(8/(-20)). Suppose u*w = 6*w - 5*g - 72, 4*w - 132 = 4*g. Is 5 a factor of w?
False
Let w(x) = 59*x**3. Suppose 10 = 2*c + 22. Let n be (-9)/c*4/6. Is 16 a factor of w(n)?
False
Suppose -11*g + 16*g = -15, -g = 5*m - 1257. Does 3 divide m?
True
Suppose 0 = 3*r - 3*x - x - 19, 0 = 2*x - 4. Let f(a) = a**2 - 9*a + 8. Let g be f(r). Let l = 1 + g. Is 9 a factor of l?
True
Suppose 0*t = t. Suppose c + 2*c + 18 = t. Is 22 a factor of 48/2 - (-4 - c)?
True
Suppose 2006 = 5*o + 176. Suppose -3*p = 3*p - o. Is p a multiple of 15?
False
Let m(p) = 53*p**2 - 33*p - 8. Is 12 a factor of m(4)?
True
Is 23 a factor of 115/(-2 - 88/(-12) - 5)?
True
Let r = 85 + 107. Does 4 divide r/10 + ((-30)/25)/6?
False
Is 31 a factor of ((-62)/4)/(6/828*-3)?
True
Let d(g) be the third derivative of -5*g**5/6 + 4*g**2. Let z be d(1). Is 13 a factor of 2 - (0 + 0) - z?
True
Let h(a) = 12 - 37*a - 1 - 6. Is h(-3) a multiple of 29?
True
Let v = -16 - -18. Suppose a = -3*x + 60, -6*a + 5*x = -v*a - 155. Is 15 a factor of a?
True
Suppose -370 + 13 = -3*l. Is l a multiple of 8?
False
Suppose -10 = -2*x - 3*a, -5*a + 0*a - 15 = -3*x. Let v(k) = 5*k**2 - 4*k + 3. Let i(q) = 6*q**2 - 5*q + 3. Let w(z) = -4*i(z) + 5*v(z). Is 11 a factor of w(x)?
False
Let s = -19 + 7. Let h be s/14*(-2 + 23). Is 9/h + (-67)/(-2) a multiple of 11?
True
Let d = -132 + 130. Is 12 a factor of ((-65)/3)/(4/96*d)?
False
Let v(x) = 2*x - 2. Let k be v(1). Suppose 2*o - 10 = -k. Suppose -t - 3*q + 16 = -o*q, 2*t - 8 = -2*q. Does 4 divide t?
True
Let v(t) be the second derivative of -t**5/20 - 7*t**4/12 + 2*t**3/3 + 5*t**2/2 - 13*t. Let x be v(-5). Let q = 159 + x. Is q a multiple of 21?
False
Suppose 4*m - 2*m = 138. Let u = m + -42. Is 4 a factor of u?
False
Let t = 985 - 846. Does 71 divide t?
False
Let d = 24 + -20. Let g(v) = 2*v**2 + 2*v. Is g(d) a multiple of 9?
False
Let c(j) be the first derivative of -9 - j**2 + 5/3*j**3 - 7*j. Is 16 a factor of c(3)?
True
Let d be ((-1)/(-3))/(16/(-48)). Is d/(-5) + (-22)/(-10)*34 a multiple of 15?
True
Suppose -2010 - 2175 = -27*i. Is i a multiple of 31?
True
Let s be (-9 + -1)*11/(-22). Let k be (-1)/(-1) - (-12 + s). Suppose 4*u + 176 = k*u. Is 11 a factor of u?
True
Let f(m) be the second derivative of m**5/20 - m**3/6 - 4*m. Let n(a) = 7*a**3 - 7*a**2 - 6*a - 9. Let j(u) = 6*f(u) - n(u). Is j(7) a multiple of 6?
False
Let c = 4 + -12. Let h(m) = -2*m - 17. Let g be h(c). Is 4 a factor of (-28)/(-12)*g*-3?
False
Let t(l) = 38*l**2 + 3*l + 2. Suppose 8*b = 6*b - 3*i + 16, 3*b - 18 = -3*i. Does 20 divide t(b)?
True
Let s(i) = i**2 - 10*i + 37. Let c be s(7). Let f be 1 + -1 + -1 + 17. Let k = c + f. Does 22 divide k?
False
Let l(a) = -a**2 - a. Let j be l(-2). Does 24 divide -3 - j/(-4)*(-7 + -47)?
True
Let w = 1277 + -111. Is 22 a factor of w?
True
Let j be (8 - -4)*(-2)/(-6). Is (2 + -1 - j) + 29 a multiple of 26?
True
Let m(w) be the second derivative of -w**4/12 - 7*w**3/6 - 3*w**2/2 - 5*w. Let g be m(-6). Does 6 divide (1 - 1) + g - -14?
False
Let a(m) = -m**3 - 7*m**2 - 3*m + 21. Does 7 divide a(-7)?
True
Let t(h) = -9*h + 83. Is 31 a factor of t(-8)?
True
Let s(w) be the third derivative of w**6/120 - 4*w**5/15 - w**4/24 - 7*w**3 + 11*w**2 + 3*w. Does 23 divide s(17)?
True
Let i = -1 - -10. Suppose -i = 3*r - 2*r. Let m(f) = -2*f + 3. Is m(r) a multiple of 7?
True
Is (-684)/(-76)*(-20)/(-6) a multiple of 2?
True
Suppose -k = 3*v + 30, -2*k = 5*v + 15 + 36. Let s be (-6)/v - (-14)/6. Suppose 0 = 5*u - s*u - 20. Is u a multiple of 5?
True
Let k(z) be the first derivative of 41*z**2/2 + 12*z + 11. Is 13 a factor of k(5)?
False
Let g = 507 - -102. Is g a multiple of 7?
True
Let p be (-2)/(-4)*3 + (-15)/(-6). Suppose 4*g - p*m - 252 = 0, 3*m - 259 = -4*g - 0*m. Does 8 divide g?
True
Let h = 1405 - 590. Is 6 a factor of h?
False
Suppose -6*f + u - 660 = -10*f, -2*u + 8 = 0. Does 41 divide f?
True
Let b(w) = -3*w**2 + 3*w + 3. Let j be b(4). Let a = 57 + j. Is a a multiple of 24?
True
Suppose -16 = 4*c - 4*q - 204, 4*c = 5*q + 183. Is -1 + 2*c/8 a multiple of 2?
True
Let v(f) = -f**3 + 4*f**2 + 2*f + 1. Let o be 8/(-28) + (-2)/(-7). Suppose -g - g + 8 = o. Does 2 divide v(g)?
False
Suppose 0 = -4*i - 3*x + 10310, -3*x - 5146 = -5*i + 3*i. Is i a multiple of 18?
False
Let n(u) = -u**2 - 10*u - 4. Let s be n(-9). Does 3 divide 4/10 + 58/s?
True
Let j(k) = k**2 + 9*k - 8. Let z be j(-10). Suppose 3*a = f + a - 7, -a - 14 = -z*f. Suppose 0 = f*u - 2*u - 80. Is 6 a factor of u?
False
Is 332 - 63/35*5 a multiple of 26?
False
Let p = 33 + -76. Let v = p + 90. Is 13 a factor of v?
False
Let u be 4/3*15/(-70)*-14. Suppose -u*s = -h - 185, 3*s - 5*h = 76 + 67. Is 22 a factor of s?
False
Is (-103635)/(-360) + 1/8 a multiple of 96?
True
Is 39 a factor of ((-28)/(-28))/((-3)/(-2223))?
True
Suppose -2*x = -4*f + 242, -5*x = -4*x + 5. Does 4 divide f?
False
Suppose -3698 = -3*t - s, 0*t = 3*t - s - 3694. Is t a multiple of 22?
True
Suppose 40*m - 31275 - 76965 = 0. Does 33 divide m?
True
Does 12 divide 24/(-42) - -10*(-622)/(-7)?
True
Suppose 3*l - 5382 = -3*g, 13*l - 9*l + 3588 = 2*g. Is 78 a factor of g?
True
Let w(p) be the second derivative of -p**5/60 + 11*p**4/24 - 11*p**3/6 - 5*p**2 - 3*p. Let q(u) be the first derivative of w(u). Is 9 a factor of q(8)?
False
Let f(r) = -2*r + 17. Let d be f(12). Does 11 divide d*22*(-3)/2?
True
Let x = 676 - -389. Is x a multiple of 129?
False
Let d be ((-8)/5)/(12/90). Let m = d + 16. Suppose -m*z - 2*w - 80 = -9*z, 0 = 4*w. Is z a multiple of 8?
True
Suppose 270 = 4*u + 66. Suppose -5*r + 9 = -11. Suppose -p - s = 3*p - u, 0 = -r*p + s + 45. Is 6 a factor of p?
True
Let s = -172 - -384. Is s a multiple of 9?
False
Let x(o) = o*